
3
Let l(b) = 29*b**3 - b**2. Let a be l(1). Suppose -t + 0*t + a = 0. Let s be 143 + 6/(6/(-3)). Calculate the greatest common factor of s and t.
28
Let u = 10 - 6. Suppose 2*b = u*b. Let p(y) = y**2 + y + 17. Let g be p(b). What is the greatest common divisor of 153 and g?
17
Suppose 0 = n + h - 111, 587 = 5*n + 20*h - 23*h. What is the highest common factor of n and 23?
23
Suppose 2*s - 3 = 3. Suppose 2*o - 4*w + 11 = s*o, -5*w = -2*o - 4. Let z be (-100)/(-8) - o/(-6). What is the highest common divisor of z and 117?
13
Let u = 64 - 32. Suppose 69 = -o + 5*o + 3*c, 4*c - u = -2*o. Let x be -6*((-150)/4)/5. Calculate the greatest common divisor of x and o.
9
Suppose -4*t - 46 = 34. Let y be 1 + -2 - -1 - (-29 + -7). Let x = y + t. Calculate the greatest common divisor of x and 2.
2
Let s = 429 + -324. Calculate the greatest common divisor of s and 189.
21
Let s = -14 - -28. Let o be (0/(-2) - 1) + 10. Let b = s - o. What is the greatest common divisor of 40 and b?
5
Let d = 1613 - 1597. Calculate the highest common divisor of d and 2672.
16
Let v = 47 - 27. Calculate the greatest common divisor of v and 460.
20
Let b = 171 - 91. Suppose -2*l = -2*p + 62, -p - 6 = -4*l - 139. Let q be ((-8)/(-5))/(l/85) + 36. Calculate the highest common divisor of b and q.
16
Suppose 20 = 6*g + 62. Let o = 20 + g. Calculate the greatest common factor of o and 91.
13
Suppose -146 = -37*m + 2444. Calculate the highest common divisor of 105 and m.
35
Suppose -2*o = 2*n - 182, -3*n + 39*o = 43*o - 269. Calculate the highest common factor of 1615 and n.
95
Let h be (-18)/4*(18 + -22). Let y(b) = -b**3 + 16*b**2 + 6*b + 30. Let m be y(16). What is the highest common factor of m and h?
18
Let m(v) = v**2 + 10*v + 13. Let b be m(-9). Suppose -44 - b = -4*p. What is the highest common factor of 12 and p?
12
Suppose -b + 59 = 48. Let s be -2 - -2 - (-35 - -2). What is the greatest common factor of b and s?
11
Let b(i) = -i**2 - 9*i. Let u be b(-8). Let p(g) = -9*g - 7. Suppose -9*h + 42 = -15*h. Let f be p(h). Calculate the greatest common factor of f and u.
8
Suppose -3*x + 4*x - m - 335 = 0, 4*m = -2*x + 700. Calculate the greatest common factor of 51 and x.
17
Suppose 0 = -3*v + 2*q + 64, 8*v = 5*v + q + 65. What is the greatest common divisor of 418 and v?
22
Let v = 225 + -145. What is the highest common factor of 10 and v?
10
Let g(y) = 2*y**3 - 19*y**2 - 7*y + 12. Let l be g(10). Suppose 14 = 2*k - 0*k. Calculate the highest common divisor of l and k.
7
Suppose 2*n - 5*p - 25 = 0, -12 - 22 = -3*n + 4*p. Let w(o) = -18*o + 169. Let d be w(8). What is the greatest common divisor of d and n?
5
Let z(h) = -h**3 + 4*h**2 - 7*h + 66. Let a be z(5). Calculate the greatest common factor of 6 and a.
6
Let g(x) = -x + 17. Let l(s) = -s**3 + 6*s**2 - 7*s + 16. Let o be l(5). Let m be g(o). What is the greatest common factor of 66 and m?
11
Suppose 3*c - 4*c = 6. Let s = c - -6. Suppose -2*i + i + 48 = s. Calculate the greatest common factor of i and 8.
8
Suppose 2*j = 3*d - 295, 86 = 4*d - 5*j - 305. Let v be (5/10)/(2/172). Suppose -3*n + v = 16. What is the highest common factor of d and n?
9
Suppose -9*h + 120 = -5*h. Suppose 0 = 6*s - 9*s + h. What is the highest common divisor of 20 and s?
10
Let r be (-40)/(-220) + (-163)/(-11) + -2. What is the highest common divisor of 65 and r?
13
Suppose -4*k + 3*k - 5*s = 20, -4*s = 3*k + 16. Let l be 6/1*(k + 2). Let o = 1540 - 1510. Calculate the highest common divisor of l and o.
6
Suppose 8*h = 2079 + 553. What is the greatest common divisor of 423 and h?
47
Let d = 56 - 78. Let m = d + 34. Calculate the highest common divisor of m and 36.
12
Suppose 2*c - 18 = -4*y, 5*y + 0*c - 27 = -c. Suppose m = y - 1. Let z be m/(-15)*30*-1. Calculate the highest common factor of z and 2.
2
Let k be (-82)/(-6) + 3/9. Let a be (-774)/(-22) - 40/220. Calculate the greatest common divisor of k and a.
7
Suppose 4*n + 4 = 0, -z + 7*n + 15 = 4*n. Suppose -z + 0 = -3*u. What is the highest common divisor of 6 and u?
2
Let k(u) = -4*u**2 - 37*u + 3. Let x be k(-8). What is the highest common factor of 559 and x?
43
Let j = -3 - -174. Calculate the highest common factor of 38 and j.
19
Suppose 0 = 12*c + c + 416. Let w = c + 42. What is the greatest common divisor of w and 15?
5
Let p(a) = 2*a**2 + 2*a + 1. Suppose -2*g + 4*x = 18, 0*g = -5*g - 5*x. Let f be p(g). Calculate the highest common factor of f and 26.
13
Let r = -587 - -595. Let b(h) = -h**3 - 2*h**2 - h + 4. Let c be b(-3). What is the greatest common divisor of c and r?
8
Let d = -91 - -101. Suppose s - 4 = -3. Calculate the greatest common divisor of d and s.
1
Let m(f) = f + 3. Suppose -2*l + 1 = -3*p, 3*l + p + 2*p = -36. Let b be m(l). Let n = b + 11. Calculate the highest common divisor of 7 and n.
7
Let f be 71 - (3 + -7)*6/4. What is the greatest common factor of f and 33?
11
Suppose 0 = -17*w + 20*w - 60. Let g be 5/(w/(-8)) - 395/(-5). What is the greatest common factor of 7 and g?
7
Let f be (-123)/(-2)*8/6. Let j = -3540 - -3745. Calculate the highest common divisor of j and f.
41
Let t be 1/(-3)*-9 + 93. Suppose h - t = -2*h. Calculate the highest common factor of 4 and h.
4
Suppose -o + 1260 = -0*o + 14*o. Let s be (0 + 1)*(0 + 8). Suppose s - 56 = -4*a. Calculate the greatest common factor of a and o.
12
Let f be (-28)/(-7)*3/4. Let z be f - 0 - -44 - -3. What is the greatest common divisor of 10 and z?
10
Let g(j) = 83*j + 1. Let b be g(1). Suppose 3*i + i - b = 0. Let z = 12 - -135. What is the highest common factor of z and i?
21
Let a(g) = 27*g. Let p be a(-1). Let j = -22 - p. Suppose -4*l + 25 = l. What is the highest common divisor of j and l?
5
Suppose -3*b = -0 + 3. Let j be (1 + 13 + 1)/b. Let l be (-63)/j - 2/10. Calculate the greatest common divisor of 6 and l.
2
Suppose 79*f - 81*f + 52 = 0. Let y(b) = b + 26. Let l be y(0). Calculate the greatest common divisor of f and l.
26
Suppose 2*p + 7 = p + 2*z, -4*p = 4*z + 28. Let m(c) = 3*c**2 + 12*c + 18. Let a be m(p). What is the greatest common factor of 9 and a?
9
Let d = 1117 + -512. Suppose 3*h + d = 14*h. Suppose -3*g - g + 35 = 3*t, -2*t - 17 = -g. Calculate the greatest common factor of g and h.
11
Let w(i) = -20*i - 22. Let t be w(-2). Calculate the greatest common divisor of 2 and t.
2
Suppose -5*u + 2*s + 382 = 0, 4*u - 2*s = 3*u + 78. Let b = u + -66. Calculate the highest common divisor of b and 80.
10
Let m(p) = p**2 + 32*p. Let c be m(-32). Suppose -4*t + w + 23 = -53, -3*t - w + 50 = c. Calculate the greatest common factor of 63 and t.
9
Let r(h) = -h**3 - 55*h**2 + 60*h + 288. Let k be r(-56). Calculate the highest common divisor of 576 and k.
64
Suppose -w - 9 = -3*a, -a - a + 5 = -w. Suppose 2*s = -10, -4*s = -0*o + w*o + 20. Let t be 0/(2 - o) + 13. What is the greatest common divisor of 26 and t?
13
Let b be (40/(-22) - -2) + (-868)/(-308). Suppose -d = b*h - 17, 0 = -4*d + 5*d + 5*h - 7. What is the highest common factor of 8 and d?
8
Suppose -l = 3*l + 116. Let c = l + 37. Calculate the greatest common divisor of c and 56.
8
Suppose -29*u - t = -34*u + 1425, -276 = -u + 2*t. What is the greatest common factor of u and 13?
13
Let c(v) = 20*v + 25. Let p be c(8). Let o = p + -78. Suppose y - 33 = o. Calculate the greatest common divisor of y and 20.
20
Suppose 5*x + 2*h - 688 = 0, 0 = x + 3*x - 3*h - 555. What is the greatest common divisor of 184 and x?
46
Suppose 3*b - b = 14. Suppose 6*m + 5 = b*m. What is the highest common divisor of 45 and m?
5
Let s = 967 - 922. Suppose 0 = 3*a - 2*n - 55, 5*a - 25 = 3*a - n. Calculate the greatest common factor of s and a.
15
Suppose 5*p + 51 = 2*z + 259, -5*p + z + 204 = 0. What is the greatest common factor of 72 and p?
8
Suppose 8*r = 3*r, 2*r + 480 = 5*a. Let q = 8 + -2. Calculate the highest common factor of q and a.
6
Let t(n) be the third derivative of -n**5/60 + 11*n**4/24 + n**3/2 - 7*n**2. Let x be t(6). Let s = 48 - x. What is the highest common divisor of s and 6?
3
Let y(k) = k**2 + 112*k - 717. Let r be y(7). What is the highest common factor of r and 4?
4
Suppose 82 = k - 4*d, 326 = 3*k + 4*d + 48. Calculate the highest common factor of k and 126.
18
Suppose -5*x - 51 = 29. Let q = -13 - x. What is the highest common divisor o